ose -y - 10 = -n*g, 0*g + g - 3*y - 5 = 0. Suppose x - 4*l = 2 - 0, -22 = 2*x + g*l. Let j(s) = -s - 4. Give j(x).
2
Let l(s) = -s**2 + s. Let t(h) = -5*h**2 + 3*h - 14. Let x(n) = -4*l(n) + t(n). Determine x(0).
-14
Let t(v) = -v**2 + 16*v + 108. Let u be t(21). Let j(a) = -4*a + 4. Let i(c) = -5*c + 4. Let g(n) = -3*i(n) + 4*j(n). Determine g(u).
1
Suppose 2*b - 934 = -950. Let c(z) = -3*z - 20. Give c(b).
4
Let h(j) = -132*j - 2*j**2 + 8*j**2 + 134*j - 1. What is h(1)?
7
Let x(l) be the second derivative of l**7/2520 - l**6/180 + l**5/120 + 3*l**4 - 53*l. Let k(d) be the third derivative of x(d). Give k(4).
1
Let s(v) = -v**2 + 6*v - 3. Let q be s(2). Suppose 2*a = -w - 11, q*w + 4*a - 3*a + 19 = 0. Let h(o) be the first derivative of o**2/2 - 4*o + 6. Give h(w).
-7
Let b(i) = i**3 + 7*i**2 - 7*i + 2. Let z = 76 + -84. Calculate b(z).
-6
Let f(d) = -d**3 + 11 + 792*d**2 - 17*d - 808*d**2 + 18*d. What is f(-16)?
-5
Let y(v) = -v**3 - 6*v**2 - 5. Let i be (0 - 3)/(3/(-12)). Let t be ((-11)/(22/i))/1. Let j be y(t). Let l(d) = d + 5. What is l(j)?
0
Suppose 0 = -11*r - 6*r + 68. Let l(d) = -d**2 + 9*d - 3. Determine l(r).
17
Let o(w) = 10*w - 14. Let c(t) = -28*t + 42. Let p(b) = 4*c(b) + 11*o(b). Give p(11).
-8
Let o(v) = 2*v**3 + 2*v**2 - 5*v - 3. Suppose 18*x = -16 - 38. Give o(x).
-24
Let y(n) = -n**3 + 6*n**2 - 2*n - 9. Let g(t) = -t**2 + t + 2. Let h(z) = -6*g(z) - y(z). Calculate h(-3).
-18
Let f(g) be the second derivative of g**3 - 7*g**2/2 + 360*g. What is f(3)?
11
Let k(d) be the first derivative of d**2/2 - 9*d - 97. Give k(6).
-3
Let i = -4 + 14. Suppose 4*y + 2*d - i = 0, 2*d + 4 + 1 = -y. Let h(p) = -p**3 + y*p**2 - 5*p**2 + 6*p**2 - p + 7. What is h(6)?
1
Suppose 1 = 2*m + 7, 0 = -5*a + 2*m + 11. Let x be ((-48)/(-3))/4*a. Let s be x/(-10) - 14/(-35). Let b(k) = -k**3 + k**2 + k - 7. Give b(s).
-7
Let p(q) be the first derivative of -q**5/30 - q**4/8 + q**3/3 - q**2 - 25. Let f(x) be the second derivative of p(x). What is f(-3)?
-7
Let x = 0 - 0. Suppose -3*g = l + 2 + 15, l + g + 13 = x. Let q = l - -9. Let n(p) = -2*p**2 - 3*p - 3. What is n(q)?
-5
Let g(p) = -2*p. Let v(m) = 2*m**2 - 4*m + 4. Let s be v(2). Suppose -4*b + 2*j - 7*j + 11 = 0, 2*j + 18 = s*b. Suppose 0 = -b*o - 0 + 8. Determine g(o).
-4
Let l(k) = 19*k**2 - 13*k**2 - 2 - 5*k**2 - 7*k. Suppose -2*z = -v + 3*z + 23, 0 = 2*v - z - 19. Determine l(v).
6
Let h(t) = 0 + 98939*t**2 - 98938*t**2 - 2*t + 4 + t. What is h(-3)?
16
Let o be (-18)/(-7)*(-28)/(-8). Let n(d) = d**3 - 9*d**2 - 6. What is n(o)?
-6
Let p(c) = 17 - c - 3 - 4 - 7. Let o(f) = -2*f + 16 - 6*f + 3*f. Let w(m) = 2*o(m) - 11*p(m). Give w(3).
2
Suppose 0 = -r - 4 + 6, -3*c - 3*r = -39. Let j(u) = 2*u - 14. Determine j(c).
8
Let t(n) = -19*n - 1. Let y(l) be the third derivative of -l**6/120 - l**5/30 - 5*l**3/3 - 25*l**2. Let s be y(-3). Calculate t(s).
18
Let k(u) = -u**2 - 10*u - 20. Let w be k(-6). Suppose -2*x = 2 - w. Let z(r) = 13*r**3 + 2*r**2 - r. What is z(x)?
14
Let d(k) = 2*k**2 + 10*k + 10. Suppose -8*i + 294 = -50*i. What is d(i)?
38
Let m(o) = -o**3 - 5*o**2 - 5*o + 5. Suppose -3*j + 20 = -5*s, -4*s - 67 = j - 51. What is m(s)?
9
Let p(d) = 8*d**2 + 16*d - 14. Let y be p(12). Let n(s) = 8*s - 1330 + y. Determine n(2).
16
Let j(w) = -w**3 - 1 + w + 8885*w**2 - 8882*w**2 + 1. What is j(2)?
6
Let d(o) = -5*o - 7. Let u be d(-2). Let s(g) = 5 - u*g**2 - 8*g - 11*g**2 + 21*g**2 - 6*g**2. Calculate s(7).
-2
Let t(c) = -4*c + 19. Let h(g) = -g + 5. Let n(s) = -9*h(s) + 2*t(s). Suppose -3*w - 25 = x + 46, 0 = 2*x - 4*w + 182. Let r = x + 88. Give n(r).
-2
Let m(d) = 8*d**2 - 13*d - 1. Let b(j) = -11*j**2 + 15*j + 1. Let k(h) = 3*b(h) + 4*m(h). Determine k(-5).
9
Let c(j) = -7*j - 7*j - 28 - 7*j - 5*j + 29*j. Determine c(11).
5
Let u = -51 - -56. Let l(k) = -7*k**2 + 4*k - 8. Let a(h) = -6*h**2 + 3*h - 7. Let c(y) = u*l(y) - 6*a(y). Calculate c(-4).
10
Let f(h) = 0*h**2 + 4 + h**2 - 3 + 25. Determine f(0).
26
Let w(j) be the third derivative of 0*j - 1/120*j**6 + 0 + 34*j**2 - 7/6*j**3 - 1/12*j**5 + 1/24*j**4. Determine w(-6).
23
Let q(d) = -12*d + 29*d - 14 + 3 - 15*d. What is q(8)?
5
Let d(w) = -w + 18. Suppose 49 + 11 = 5*y. What is d(y)?
6
Let o be 35 - (2/1 - 0). Let q(k) be the second derivative of k**3/2 - k**2/2 + 2*k. Let b(g) = -48*g + 15. Let v(t) = o*q(t) + 2*b(t). Calculate v(3).
6
Suppose 0 = 2*z - 5*x + 45, 4*z + z - 2*x + 102 = 0. Let u = z - -15. Let o(m) be the first derivative of -m**3/3 - m**2/2 + 4*m - 1. Give o(u).
-16
Let t(u) = -2*u + 10. Let n be t(7). Let v be (-6)/(-24) - 11/n. Let o(r) = -6*r**3 + 0*r**3 + 5*r**3 + 5*r**2 - v*r. What is o(2)?
6
Let b be ((-6)/10)/((-6)/20). Let q(d) = -3*d - b + 1 - 4*d**2 + 0*d - d**3 + 4. Suppose -a - v - 3 = 3, 5*a + 4*v = -27. Calculate q(a).
3
Let i(u) = 40*u**2 + u**3 - 5*u**2 - 37*u**2 - 2*u - 3. Calculate i(3).
0
Let h(l) = -l. Let x(i) = 8*i - 4. Let s(k) = -6*h(k) - x(k). Let z = -8 - -8. Let g be z*(-2)/2 - -4. What is s(g)?
-4
Suppose 5*f = -4*z - 23, -3*f + 2*z + z - 3 = 0. Let i(s) = s**2 - 10*s + 11. Let y be i(9). Let k(b) = 11 - 9 - 2*b + 0*b - 2*b**y. Determine k(f).
-10
Let l be 3 + -3 + 2 + 0. Suppose -4*a = -0*q + 2*q - 12, 4*a = l*q - 4. Let u(z) = -z + 1. Let x(s) = s**2 + s + 2. Let t(o) = -4*u(o) - x(o). What is t(q)?
-10
Suppose m - 16 = 9*m. Let n(x) = -x**3 - x**2 - 3*x - 4. Determine n(m).
6
Let f(x) = -21*x + 6. Let n be f(1). Let j(o) = 2*o**2 + 30*o + 3. Give j(n).
3
Let x(i) = -i**3 + 4*i**2 - i - 2. Let f = 24 - 20. Let h be f/10 - (-580)/50. Suppose v + 3*v = h. Calculate x(v).
4
Let d(p) = p**3 - 8*p**2 - 8*p - 7. Let n be d(9). Let w(v) = -5*v + n*v**3 - 2*v**3 - v**3 + 2*v**3 + 5*v**2 + 3. Calculate w(-6).
-3
Let o(v) be the second derivative of 8*v + 0 + 1/2*v**2 - 1/6*v**3. Calculate o(-2).
3
Let g = 1 + -2. Let l(c) be the first derivative of 3*c**4 + c**2/2 + c + 253. Calculate l(g).
-12
Let i(l) = l. Let s be 5 + -3 + 15/5. Suppose 0 = -5*g + 20, r = 3*r - s*g + 30. What is i(r)?
-5
Let q = 65 - 23. Let h(s) = -22*s - 19*s - 2 + q*s. Let v(b) = 3*b - 7. Let i(p) = 7*h(p) - 2*v(p). Determine i(-6).
-6
Let o(j) = -j**2 - 9*j + 76. Let s be o(-14). Let q(r) be the first derivative of r**2 - 7*r + 1. Give q(s).
5
Let o be 1*(1 + -2)*-1. Let i(k) = -1. Let d(q) = -2*q + 2. Let f be (-5 + (-36)/(-6))*1. Let b(w) = f*d(w) + o*i(w). What is b(6)?
-11
Let p be (-2)/(-3) + 78/18. Let q = p - 5. Let h(j) = 2 + 3*j + j**2 + q*j**2 - 3. Give h(-3).
-1
Let x(u) be the third derivative of 0*u + 31*u**2 - 2/3*u**3 + 0 - 1/24*u**4. Let k = 2 - 7. Give x(k).
1
Let u = 15 - 5. Let h(d) = -1 - 6*d - 3*d + u*d - 2*d. Calculate h(3).
-4
Let v(h) = 9*h**2 + 17*h + 5. Let i(r) = 4*r**2 + 10*r + 3. Let m(q) = -5*i(q) + 3*v(q). Give m(1).
8
Let o = -79 + 241. Let v be ((-1)/3)/((-9)/o). Let j(f) = -f**3 + 7*f**2 - 5*f + 6. What is j(v)?
12
Let v(p) = -2*p. Let w be v(-1). Let k(c) = -22*c**2 + 4*c**2 + 6*c**2 + 11*c**w. Give k(2).
-4
Let z(c) = -c + 4. Suppose 2*x = 12 + 10. Suppose 0*t - a = -2*t + x, -a - 5 = 0. Give z(t).
1
Let h(p) = 12*p**3 - 4*p**2 - 6*p + 5. Let f(o) = 10*o**3 - 3*o**2 - 5*o + 4. Let y(u) = 7*f(u) - 6*h(u). Calculate y(2).
-4
Let z(p) = -3*p**2 - p - 1. Let v(r) = -r**2 + 2*r - 18. Let j be v(0). Let k = 18 + j. Suppose 4 = -k*q - 4*q. Give z(q).
-3
Let q(z) = z**3 - 3*z**3 + 2*z + 9 + 2*z**3 - 5*z**2 - 3 + z**3. What is q(6)?
54
Let u(v) be the third derivative of -v**6/120 + v**5/20 + v**4/12 + v**3/2 + 59*v**2 - 3. Let g = 4 + 0. What is u(g)?
-5
Suppose -2*l - 1 = -3. Let h be ((-7)/(7/(-9)))/l. Let n(s) = s - 12. Let z be n(h). Let w(d) = d. Determine w(z).
-3
Let u(k) = 4*k + 29. Let m be u(-7). Let q(j) = -7*j**2 + j. Let o(t) = -t**2 - t + 1. Let i(f) = m*o(f) + q(f). Determine i(-1).
-7
Let y(q) = -13*q**2 - 2*q + 2. Suppose -8 = 4*x - 4*j, 118*j = 2*x + 113*j + 16. Determine y(x).
-54
Let x be (14/7 - 4)/((-2)/3). Let a(q) = 4 + 2*q**3 - 16*q**3 - 2*q + 6*q**x - 3. Give a(1).
-9
Let h be -1*2/2 - 1. Let b be -1 - 24/6 - (h - 1). Let j(d) = -7*d - 2. What is j(b)?
12
Let i(y) be the first derivative of y**3/3 + 15*y**2/2 + 6*y + 304. Calculate i(-12).
-30
Suppose -5*v - 4 = 2*d + 1, 10 = 5*d + 5*v. Let t(r) = 2 + 22*r - 20*r + 4*r**3 + 3*r**2 - d*r**3. Let j(c) = 2*c**2 + 1. Let p b